ist the prime factors of l(4).
3
Let p be ((-48)/(-56))/((-2)/14). Let h(s) = -12*s + 4. Let u be h(p). Let j = -52 + u. List the prime factors of j.
2, 3
Let g(c) = 10*c - 20. Let q(x) = 1. Let n(u) = g(u) + 3*q(u). List the prime factors of n(6).
43
Suppose 39*q + 240 = 36*q. What are the prime factors of -5 + 2 - (q + -1)?
2, 3, 13
Suppose -16*s + 3624 = -13*s. What are the prime factors of s?
2, 151
Suppose -5*k - 713 - 1471 = -y, 5*y = k + 11040. What are the prime factors of y?
47
Let f(n) = 30*n + 619. What are the prime factors of f(20)?
23, 53
Let r(l) = 17*l**2 - 15*l + 9. What are the prime factors of r(6)?
3, 59
Suppose 51 = x - b, 2*b + 0 = -4. Let o = x + -28. What are the prime factors of o?
3, 7
Suppose 227847 = 54*k + 28209. What are the prime factors of k?
3697
Suppose -21*n + 22*n - 12 = 0. Suppose 830 = -n*q + 17*q. What are the prime factors of q?
2, 83
Let w be 2 - 1 - (20 + -1). Let y = 31 + w. Let z(c) = c + 10. List the prime factors of z(y).
23
Suppose 18*x - 4*x - 56 = 0. Suppose x*m = 5*m - 5, 3*f - 2*m - 677 = 0. What are the prime factors of f?
229
Let b(u) = 23*u + 6. Let x(z) = -45*z - 11. Let i(v) = -9*b(v) - 4*x(v). Let y be i(-6). Let p = y - 89. List the prime factors of p.
3, 7
Suppose -5*j + 2932 = 2*r + 2*r, -4*j = 0. What are the prime factors of r?
733
Let q(g) = g**3 + 8*g**2 - 7*g + 13. Let v be q(-9). Let f = 67 - v. List the prime factors of f.
2, 3
Suppose 0 = v - 3*v + 5*j + 73, -3*v - 3*j + 99 = 0. Let x be (v - 1 - -1) + 1. Let g = x - 23. What are the prime factors of g?
2, 3
Suppose 8*x = 1712 - 64. Suppose x - 598 = -8*f. List the prime factors of f.
7
Let c(a) = a**2 + 20*a + 24. Let s be c(-19). Let q(k) = 7*k**2 - 13*k + 30. What are the prime factors of q(s)?
2, 5, 7
What are the prime factors of -30*6/54*(-381)/5?
2, 127
Suppose -j - 23 = 5*z, 3*z - 5 = j + 2. Let h = j - -13. Suppose -4*d + 228 = -h*d. What are the prime factors of d?
3, 19
Let v(k) = 4*k - 15. Let d be v(8). Suppose 0 = i - 30 - d. What are the prime factors of i?
47
Let s be 0 - (-6)/(0 - -3). Suppose -s*p = -3*p. Suppose p = 5*j - j - 64. List the prime factors of j.
2
List the prime factors of (-9 - -3 - -7)*1486.
2, 743
Suppose -4*u = 2*m - 10, u = -2*u - 3*m. Let c = u - -14. Suppose 0 = -4*x + 3*f + c + 196, 0 = 2*f + 2. List the prime factors of x.
53
Let h(q) = -2*q + 10. Let n be h(3). Let c be (1/2)/(n/48). Suppose -4*t = -134 + c. List the prime factors of t.
2
Let w(f) = f**2 - 2*f - 4. Let d(z) = 18*z**2 - 51 - 43 + 17*z + 101 + z**3. Let c be d(-17). List the prime factors of w(c).
31
Let m(n) = n**3 + 5*n**2 - 3*n - 3. Suppose 2*c - 4 = 2*l + 4*c, 0 = -4*l - 3*c - 9. Let v be m(l). Let k = 55 - v. What are the prime factors of k?
31
Let k(w) = -537*w - 89. List the prime factors of k(-2).
5, 197
Suppose -4*m = -7 + 3. Let l(r) = -3*r**2 + 0*r + 2*r**2 + 9*r**2 + r. List the prime factors of l(m).
3
Let i(c) = 15*c + 1045. List the prime factors of i(0).
5, 11, 19
Let u(j) = j + 16. Let t be u(-14). Suppose 0 = -t*q + 40 + 172. What are the prime factors of q?
2, 53
Suppose 9*q = 7*q. Let w = q + 22. List the prime factors of w.
2, 11
Let v(i) = 417*i**2 - 5*i - 1. List the prime factors of v(-1).
421
Suppose 3*c - 90 - 42 = 0. Let u = c - 16. List the prime factors of u.
2, 7
Let n = -51 + 58. Suppose -n*v = -10*v + 189. List the prime factors of v.
3, 7
Let j(x) = -x**3 - 6*x**2 - 3*x + 4. Suppose -2*p - 8 = 4. List the prime factors of j(p).
2, 11
Let v be (-99)/(-6)*(-2)/(-3). Let n = -7 + v. Suppose 4*p - 8 = n*l, -2*p - 4*l + 20 + 14 = 0. List the prime factors of p.
7
Let i be (-8)/20 - (84/15 + 1). Let h = i - -18. List the prime factors of h.
11
Let q = -2632 + 3774. What are the prime factors of q?
2, 571
Suppose 305 = 4*c - 60*j + 65*j, j = 2*c - 135. List the prime factors of c.
2, 5, 7
Let v(h) = 42*h**2 + 3*h + 1. Let i be v(-2). Let d = 75 - 75. Suppose d = 4*a - 12, 4*y - 3*a = -0*a + i. What are the prime factors of y?
43
Suppose -5*y = -15 - 20. Suppose y*n = n + 78. List the prime factors of n.
13
Suppose -3*l = -t + 6, 0 = -2*t - l + 6 - 1. Suppose -k - b + 71 = t*k, 0 = -3*k - b + 52. What are the prime factors of k?
19
Let d be ((-6)/9)/(3/(-9)). Suppose -2*u + 558 = 3*u - 3*g, -d*g - 557 = -5*u. What are the prime factors of u?
3, 37
Suppose -9*a = -4*a - 5*u + 5, 8 = -4*a + 3*u. List the prime factors of (-2)/4*(a + -139).
2, 3
Let p(s) = -2*s**3 - 5*s**2 + 16*s + 11. List the prime factors of p(-9).
2, 5, 23
Suppose 8*a - 8353 = -4*j + 9*a, -3*j + 3*a = -6276. List the prime factors of j.
2087
Suppose 0 = 16*v - 28534 - 11898. List the prime factors of v.
7, 19
Let y(s) = -s + 1. Let v(x) = 38*x + 12. Let a(j) = -v(j) - y(j). List the prime factors of a(-3).
2, 7
Suppose -7*r - 2 = -30. Suppose 10*p - 216 = r*p. What are the prime factors of p?
2, 3
Suppose 0 = 34*u - 431 + 91. Let k(s) = -s**3 + s**2 + 1. Let c be k(0). What are the prime factors of u*(-1)/((-1)/c)?
2, 5
Let r = 0 - 6. Let a be 9/(2/(r/(-3))). List the prime factors of (-40)/6*(a + -12).
2, 5
Let i(h) = -5*h + 2. Let p be i(-5). Let n = 26 + -48. Let q = p + n. List the prime factors of q.
5
Suppose -6450 = -5*l - t, 2*l + 5*t - 2*t - 2567 = 0. List the prime factors of l.
1291
Let z = 27 + -20. Let x = 56 + z. List the prime factors of x.
3, 7
Suppose -10 = -2*n - 2*s, -3*n + s + 35 = -0*s. Let i = 27 - n. What are the prime factors of i?
17
Let w(t) = 4*t - 14. Let x be w(-7). List the prime factors of x/(-2) + 6/(-3).
19
Let v = 67 + -48. Suppose -d + 3*h - 4*h = -31, d - v = -5*h. What are the prime factors of d?
2, 17
Let h = 20 - 15. Suppose h*v - 115 = 285. List the prime factors of v.
2, 5
Let n = 837 + -394. List the prime factors of n.
443
Let i = -132 - -66. List the prime factors of (-876)/(-14) + -1 - i/154.
2, 31
Let k(a) = -a + 1. Let y be k(-8). Suppose -y*c = -11*c + 152. What are the prime factors of c?
2, 19
Let q(o) be the first derivative of -3*o**5/40 + o**4/24 - 10*o**3/3 + 8. Let b(h) be the third derivative of q(h). What are the prime factors of b(-1)?
2, 5
Let j = -40 + 52. Suppose -166 = -2*g - u, 4*g - 11*u = -j*u + 330. List the prime factors of g.
2, 41
Suppose a = 0, 4*a = -0*v - 3*v + 228. Suppose -4*d + 2*d + v = -5*q, 2*d + 4*q - 112 = 0. What are the prime factors of d?
2, 3
Suppose 4*a - 3 = 13. Let q = -375 - -540. Suppose q = y + a*y. What are the prime factors of y?
3, 11
Let s(q) = q**2 + 11*q - 8. Let r be s(-9). Let b = r - -21. What are the prime factors of 2259/45 + 1/b?
2, 5
Let p be ((-1)/2)/(7/(-3486)). Let x = p - 144. What are the prime factors of x?
3, 5, 7
Let x = -3 - -6. Let z(k) = 57*k - 1. Let o be z(x). Suppose -6*q - o = -11*q. What are the prime factors of q?
2, 17
Suppose 6 = 3*f - 6, -5*n + 4 = f. Suppose -m = 4 - 14. Let o = n + m. What are the prime factors of o?
2, 5
Let g be (3/1)/(30/50). Suppose 5*j = -g*x + 50, 3*x + 54 = 3*j - 0. Suppose 0 = -u + j + 2. List the prime factors of u.
2
Let u = 77 - 77. What are the prime factors of ((-8)/(-12) + u)/(8/1524)?
127
Suppose 5*a = -5*z + 7*a + 24823, -z + 4983 = -5*a. List the prime factors of z.
7, 709
Suppose 2*d = f + 1, d + 0 = -3*f - 3. Suppose 4*l = -8*y + 4*y - 128, d = 4*y - l + 103. Let g = y + 38. List the prime factors of g.
11
Suppose 315*o = 328*o - 19812. List the prime factors of o.
2, 3, 127
Suppose -2 = -u + 2. Suppose -5*m - 20 = 0, c - 152 = 5*c + u*m. Let i = c + 59. List the prime factors of i.
5
Let k(h) be the first derivative of -7*h - 1/2*h**4 - h**3 - 6 + 1/2*h**2. What are the prime factors of k(-3)?
17
Let h(q) = -2*q**2 - q + 4. Let j be h(0). Suppose 5*u - j*n = 30, 4*u = 4*n - 9 + 37. What are the prime factors of 33 - (3 + (u - 3))?
31
Let y = -766 + 1104. List the prime factors of y.
2, 13
Let t(x) = -x + 6. Let b be ((-6)/(-4))/((-3)/(-20)). Let n be t(b). List the prime factors of (-4 - n)*1 - -36.
2, 3
Let c = 2106 - 1129. List the prime factors of c.
977
What are the prime factors of 1121 - 2/(-1) - (-13 + 18)?
2, 13, 43
Suppose 2 = 2*u - f, u + 3*f - 24 = -3*u. Suppose m - 110 = u*m. Let q = m + 93. List the prime factors of q.
2, 19
List the prime factors of 2539/11 + 3 + (-4)/(-22).
2, 3, 13
Let k be (-1 - -2)/((-1692)/(-1686) + -1). Let g = k - 119. What are